n base 2, what is 11100010000 - -100?
11100010100
In base 9, what is -468 - -1?
-467
In base 13, what is -5 + 52?
4a
In base 8, what is 0 - -50?
50
In base 5, what is 21 + -314?
-243
In base 13, what is -4856 - 3?
-4859
In base 5, what is -10200 + 3?
-10142
In base 12, what is -a1 + -1?
-a2
In base 7, what is -25 - -5?
-20
In base 15, what is 0 - -70?
70
In base 10, what is -8 - -1?
-7
In base 15, what is 7 - -3ee?
406
In base 14, what is -5 + 18dc?
18d7
In base 4, what is -12213 + 1?
-12212
In base 9, what is 4 - -12465?
12470
In base 10, what is 1 + -5?
-4
In base 10, what is -95 - 93?
-188
In base 6, what is 12550 - -12?
13002
In base 16, what is 3 + 4bb?
4be
In base 7, what is 0 + -6?
-6
In base 5, what is -4 - -1112?
1103
In base 9, what is 5581 - 3?
5577
In base 6, what is -230 - -32?
-154
In base 6, what is -5 + 124?
115
In base 14, what is c4 + 5?
c9
In base 4, what is -201322 + 3?
-201313
In base 16, what is -1 + -90d?
-90e
In base 2, what is 11 - -1001000000?
1001000011
In base 13, what is -3cc - -1?
-3cb
In base 14, what is d5 + -24?
b1
In base 14, what is -43d - 1?
-440
In base 9, what is -114 - 4?
-118
In base 11, what is 19 - 260?
-242
In base 12, what is 1 + 61?
62
In base 6, what is -4 + -1213?
-1221
In base 4, what is 11130 + 10?
11200
In base 13, what is -1 - -55?
54
In base 11, what is 19 + -5?
14
In base 13, what is -54 + -17?
-6b
In base 7, what is 35 - 5?
30
In base 6, what is -23 - -23?
0
In base 12, what is 55 + -51?
4
In base 3, what is -11201 - -11?
-11120
In base 6, what is -5410 - -14?
-5352
In base 16, what is 21 - -2?
23
In base 5, what is -4 - -2324?
2320
In base 11, what is 1 - 21?
-20
In base 12, what is 1ab - -2?
1b1
In base 7, what is -1643 + 2?
-1641
In base 2, what is 1100010 - 1?
1100001
In base 13, what is -4 + -51?
-55
In base 2, what is -10 + -1010101?
-1010111
In base 3, what is -20110 - -10022?
-10011
In base 12, what is 3 + 94a?
951
In base 12, what is 215 - -33?
248
In base 12, what is 7 + -164?
-159
In base 11, what is 603 - 5?
5a9
In base 3, what is 11111 + -21?
11020
In base 11, what is 1949 + 2?
1950
In base 15, what is 86 + 1?
87
In base 12, what is 23a - 5?
235
In base 7, what is 1 - -45?
46
In base 2, what is 0 + -11110?
-11110
In base 12, what is 2 - -40?
42
In base 16, what is -a7 + -4?
-ab
In base 4, what is -30220 + -1?
-30221
In base 10, what is 4 - 58?
-54
In base 5, what is 10 - -113?
123
In base 11, what is 54 - 83?
-2a
In base 2, what is -101 - -11111?
11010
In base 7, what is -304 - -5?
-266
In base 6, what is 21552 - -4?
22000
In base 13, what is -a + -20a?
-217
In base 11, what is -3 + 10?
8
In base 5, what is 1144 - -130?
1324
In base 2, what is 11100 + -100?
11000
In base 9, what is 1585 + -3?
1582
In base 9, what is 24 - -2?
26
In base 2, what is -101 + 10100101010?
10100100101
In base 14, what is 6 + 48?
50
In base 10, what is 5 + -1360?
-1355
In base 16, what is 2 - -b7?
b9
In base 6, what is -525 - 2?
-531
In base 9, what is 50 - -4?
54
In base 6, what is -340 + 10?
-330
In base 3, what is -11 + 2010?
1222
In base 16, what is 1666 + 2?
1668
In base 6, what is -20 + 51?
31
In base 14, what is 2b - c?
1d
In base 8, what is -1 - 1376?
-1377
In base 14, what is -6a - a?
-76
In base 9, what is 17 + 35?
53
In base 5, what is -2 - 2204?
-2211
In base 8, what is -5 + 67?
62
In base 13, what is 2ba0 - 4?
2b99
In base 6, what is 4 - -552?
1000
In base 13, what is 1a2 - 4?
19b
In base 5, what is 10232 - 1?
10231
In base 14, what is 77 - -9?
82
In base 15, what is 4 - 3?
1
In base 6, what is 52 + -3?
45
In base 10, what is 43 + 372?
415
In base 12, what is 3 - 610?
-609
In base 11, what is 0 + 4?
4
In base 2, what is 11110100011 - 0?
11110100011
In base 9, what is -45 - -5?
-40
In base 11, what is 78a + 4?
793
In base 14, what is -7 - -40?
37
In base 16, what is -10 - -6d?
5d
In base 2, what is -1 + 100?
11
In base 3, what is 1 + 10020?
10021
In base 14, what is -491 + -3?
-494
In base 7, what is 2 - 3206?
-3204
In base 4, what is 13 - -110020?
110033
In base 15, what is 1e3 - -4?
1e7
In base 16, what is -2 + 34?
32
In base 14, what is -262 - 2?
-264
In base 5, what is 2213 - 0?
2213
In base 11, what is -3 - a4?
-a7
In base 16, what is -4 - 297?
-29b
In base 6, what is 4 - -3042?
3050
In base 6, what is -3435 - -1?
-3434
In base 16, what is -3 - 82?
-85
In base 7, what is 2 - 2334?
-2332
In base 4, what is 1001 - -323?
1330
In base 4, what is 2 - 110?
-102
In base 2, what is -1110001 - -10?
-1101111
In base 11, what is 3 - -26?
29
In base 5, what is -140 - 2343?
-3033
In base 10, what is 123 - 4?
119
In base 8, what is 2630 - -12?
2642
In base 14, what is 1 + b38?
b39
In base 3, what is 101 - 2?
22
In base 7, what is -434 - -2?
-432
In base 8, what is -33011 + -5?
-33016
In base 7, what is 14 - 22?
-5
In base 10, what is -2504 - 3?
-2507
In base 16, what is -6f + -2?
-71
In base 14, what is -34 + 7?
-2b
In base 2, what is 1100011 + -10011?
1010000
In base 4, what is 23323 - 0?
23323
In base 14, what is 5 + 8a4?
8a9
In base 11, what is -214 + 1?
-213
In base 7, what is -5 + 36?
31
In base 14, what is -a39 - -2?
-a37
In base 8, what is 305 - 5?
300
In base 14, what is -d0 + 1?
-cd
In base 6, what is 2 - 11?
-5
In base 2, what is -10100 + 1010000?
111100
In base 11, what is -2019 + -2?
-2020
In base 2, what is 0 + 1100111?
1100111
In base 11, what is -489 - 4?
-492
In base 2, what is -11 - -1011001010?
1011000111
In base 16, what is -6 - -10f?
109
In base 12, what is -5 - -53?
4a
In base 4, what is 12 + 21233?
21311
In base 9, what is 2063 - 5?
2057
In base 3, what is 2 + 2222?
10001
In base 3, what is -121012 + 0?
-121012
In base 16, what is -3 - -11?
e
In base 8, what is 476 - -16?
514
In base 13, what is 1 + 2?
3
In base 14, what is 21b + -5?
216
In base 3, what is 0 + 11000?
11000
In base 14, what is 5844 + 5?
5849
In base 7, what is -3365 + 5?
-3360
In base 12, what is 29 - 26?
3
In base 14, what is -3 + 14?
11
In base 13, what is 0 + 232?
232
In base 6, what is -13 - -5?
-4
In base 10, what is 524 + -5?
519
In base 11, what is 5 + -1a9?
-1a4
In base 16, what is -aa - 65?
-10f
In base 11, what is -118 - 4?
-121
In base 7, what is -4 - 46?
-53
In base 9, what is 462 - 4?
457
In base 8, what is 0 - -266?
266
In base 12, what is -65 + -4?
-69
In base 13, what is 296 - -19?
2b2
In base 13, what is -a5 - -c?
-96
In base 2, what is 101 - -1010101100?
1010110001
In base 11, what is -14 - 11?
-25
In base 10, what is -74 - 5?
-79
In base 3, what is -100000022 + -1?
-100000100
In base 9, what is -480 - 2?
-482
In base 16, what is 148 - 4?
144
In base 2, what is -100 + 1000011?
111111
In base 4, what is -10 - 1021301?
-1021311
In base 11, what is -153 + 2?
-151
In base 16, what is 6 - 26?
-20
In base 6, what is -400 - 23?
-423
In base 4, what is -2 - 1200302?
-1200310
In base 6, what is -131255 - -3?
-131252
In base 10, what is 4 - -114?
118
In base 10, what is -509 - 0?
-509
In base 6, what is -41 - -144?
103
In base 15, what is -4dd - -5?
-4d8
In base 9, what is -137 - 3?
-141
In base 5, what is -4 + 12?
3
In base 8, what is -4 + 615?
611
In base 7, what is 23 + -1?
22
In base 16, what is 15d - 2?
15b
In base 9, what is -5 + 510?
504
In base 13, what is 677 - -2?
679
In base 12, what is 1 + -523?
-522
In base 6, what is 45 + -35?
10
In base 15, what is c68 - -4?
c6c
In base 5, what is 4 + 24203?
24212
In base 6, what is 22 + 4?
30
In base 4, what is 21 - -312?
333
In base 7, what is -11460 + -5?
-11465
In base 10, what is -248 + -76?
-324
In base 9, what is -1 - 45?
-46
In base 8, what is -4275 - -4?
-4271
In base 16, what is 1 + -203a?
-2039
In base 2, what is -11 + 110011?
110000
In base 4, what is 332 + 12?
1010
In base 3, what is -10 + -200?
-210
In base 8, what is -1 + -4652?
-4653
In base 11, what is 7 - 12?
-6
In base 16, what is -3 - -2fe?
2fb
In base 7, what is -20 + 3?
-14
In base 7, what is -342 + 16?
-323
In base 5, what is -130 - 10?
-140
In base 9, what is 5 + -156?
-151
In base 13, what is 5 - -c24?
c29
In base 9, what is 64 + 16?
81
In base 14, what is -15c - -a?
-152
In base 16, what is 1d - 22?
-5
In base 2, what is 100 - 1010111?
-1010011
In base 13, what is 6 - -188?
191
In base 6, what is 35 - -115?
154
In base 11, what is 28 - -231?
259
In base 11, what is 1 - 17a4?
